{"id":26132,"date":"2024-08-30T17:28:46","date_gmt":"2024-08-30T15:28:46","guid":{"rendered":"https:\/\/eltossalcartografies.com\/?post_type=product&#038;p=26132"},"modified":"2025-07-29T20:58:49","modified_gmt":"2025-07-29T18:58:49","slug":"mapa-del-termino-municipal-de-vall-de-almonacid","status":"publish","type":"product","link":"https:\/\/eltossalcartografies.com\/es\/producto\/mapa-del-termino-municipal-de-vall-de-almonacid\/","title":{"rendered":"Mapa del t\u00e9rmino municipal de Vall de Almonacid"},"content":{"rendered":"<p class=\"western\" align=\"left\"><span lang=\"es-ES\">Mapa del t\u00e9rmino municipal de la Vall de Almonacid, situado en el coraz\u00f3n de la Sierra de Espad\u00e1n con un patrimonio natural que bebe de una geolog\u00eda singular donde la mezcla del rodeno y la caliza, con alcornoques y pinares, y el r\u00edo Chico que vertebra su t\u00e9rmino, ofrecen una serie de paisajes y colores sorprendentes.<\/span><\/p>\n<p class=\"western\" align=\"left\"><span lang=\"es-ES\">En medio de las tierras de encrucijada y de herencia y fuerte impronta de las diversas culturas que lo habitaron, como \u00edberos, romanos, andalus\u00edes, repobladores aragoneses y moriscos, descubrimos un territorio con un rico patrimonio humano y cultural, de calles estrechas, zonas de huertas y complejos sistemas de regad\u00edo, de construcciones de piedra seca y abancalamientos imposibles o de la l\u00ednea XYZ de defensa de Valencia en la pasada guerra civil. Todo \u00e9l nombrado con una lengua propia, el churro del Alto Palancia.<br \/>\n<\/span><\/p>\n<p class=\"western\" align=\"left\">Varias rutas nos guiar\u00e1n en el descubrimiento de este territorio imprescindible.<\/p>\n","protected":false},"excerpt":{"rendered":"<p>Vall de Almonacid[br]<br \/>\nMapa de t\u00e9rmino municipal[br]<br \/>\nfecha de publicaci\u00f3n: 2024-07-01[br]<br \/>\nEscala: 1:15.000[br\/]<br \/>\nDISPONIBLE<\/p>\n","protected":false},"featured_media":26128,"template":"","meta":{"_acf_changed":false},"product_brand":[],"product_cat":[],"product_tag":[],"class_list":{"0":"post-26132","1":"product","2":"type-product","3":"status-publish","4":"has-post-thumbnail","7":"first","8":"instock","9":"taxable","10":"shipping-taxable","11":"purchasable","12":"product-type-simple"},"acf":[],"yoast_head":"<!-- This site is optimized with the Yoast SEO Premium plugin v27.4 (Yoast SEO v27.5) - https:\/\/yoast.com\/product\/yoast-seo-premium-wordpress\/ -->\n<title>Mapa del t\u00e9rmino municipal de Vall de Almonacid - El Tossal Cartografies<\/title>\n<meta name=\"description\" content=\"Mapa y gu\u00eda excursionista de Vall de Almonacid. Sierra de Espad\u00e1n. Alto Palancia, El Tossal Cartografies. Escala 1:15000. Publicaci\u00f3 2024-07-01\" \/>\n<meta name=\"robots\" content=\"index, follow, max-snippet:-1, max-image-preview:large, max-video-preview:-1\" \/>\n<link rel=\"canonical\" href=\"https:\/\/eltossalcartografies.com\/es\/producto\/mapa-del-termino-municipal-de-vall-de-almonacid\/\" \/>\n<meta property=\"og:locale\" content=\"es_ES\" \/>\n<meta property=\"og:type\" content=\"article\" \/>\n<meta property=\"og:title\" content=\"Mapa del t\u00e9rmino municipal de Vall de Almonacid\" \/>\n<meta property=\"og:description\" content=\"Mapa y gu\u00eda excursionista de Vall de Almonacid. Sierra de Espad\u00e1n. Alto Palancia, El Tossal Cartografies. Escala 1:15000. Publicaci\u00f3 2024-07-01\" \/>\n<meta property=\"og:url\" content=\"https:\/\/eltossalcartografies.com\/es\/producto\/mapa-del-termino-municipal-de-vall-de-almonacid\/\" \/>\n<meta property=\"og:site_name\" content=\"El Tossal Cartografies\" \/>\n<meta property=\"article:publisher\" content=\"https:\/\/www.facebook.com\/ElTossalCartografies\/\" \/>\n<meta property=\"article:modified_time\" content=\"2025-07-29T18:58:49+00:00\" \/>\n<meta property=\"og:image\" content=\"https:\/\/eltossalcartografies.com\/wp-content\/uploads\/2024\/08\/Portada.jpg\" \/>\n\t<meta property=\"og:image:width\" content=\"1353\" \/>\n\t<meta property=\"og:image:height\" content=\"2466\" \/>\n\t<meta property=\"og:image:type\" content=\"image\/jpeg\" \/>\n<meta name=\"twitter:card\" content=\"summary_large_image\" \/>\n<meta name=\"twitter:label1\" content=\"Tiempo de lectura\" \/>\n\t<meta name=\"twitter:data1\" content=\"2 minutos\" \/>\n<script type=\"application\/ld+json\" class=\"yoast-schema-graph\">{\"@context\":\"https:\\\/\\\/schema.org\",\"@graph\":[{\"@type\":\"WebPage\",\"@id\":\"https:\\\/\\\/eltossalcartografies.com\\\/es\\\/producto\\\/mapa-del-termino-municipal-de-vall-de-almonacid\\\/\",\"url\":\"https:\\\/\\\/eltossalcartografies.com\\\/es\\\/producto\\\/mapa-del-termino-municipal-de-vall-de-almonacid\\\/\",\"name\":\"Mapa del t\u00e9rmino municipal de Vall de Almonacid - El Tossal Cartografies\",\"isPartOf\":{\"@id\":\"https:\\\/\\\/eltossalcartografies.com\\\/es\\\/#website\"},\"primaryImageOfPage\":{\"@id\":\"https:\\\/\\\/eltossalcartografies.com\\\/es\\\/producto\\\/mapa-del-termino-municipal-de-vall-de-almonacid\\\/#primaryimage\"},\"image\":{\"@id\":\"https:\\\/\\\/eltossalcartografies.com\\\/es\\\/producto\\\/mapa-del-termino-municipal-de-vall-de-almonacid\\\/#primaryimage\"},\"thumbnailUrl\":\"https:\\\/\\\/eltossalcartografies.com\\\/wp-content\\\/uploads\\\/2024\\\/08\\\/Portada.jpg\",\"datePublished\":\"2024-08-30T15:28:46+00:00\",\"dateModified\":\"2025-07-29T18:58:49+00:00\",\"description\":\"Mapa y gu\u00eda excursionista de Vall de Almonacid. Sierra de Espad\u00e1n. Alto Palancia, El Tossal Cartografies. Escala 1:15000. Publicaci\u00f3 2024-07-01\",\"breadcrumb\":{\"@id\":\"https:\\\/\\\/eltossalcartografies.com\\\/es\\\/producto\\\/mapa-del-termino-municipal-de-vall-de-almonacid\\\/#breadcrumb\"},\"inLanguage\":\"es\",\"potentialAction\":[{\"@type\":\"ReadAction\",\"target\":[\"https:\\\/\\\/eltossalcartografies.com\\\/es\\\/producto\\\/mapa-del-termino-municipal-de-vall-de-almonacid\\\/\"]}]},{\"@type\":\"ImageObject\",\"inLanguage\":\"es\",\"@id\":\"https:\\\/\\\/eltossalcartografies.com\\\/es\\\/producto\\\/mapa-del-termino-municipal-de-vall-de-almonacid\\\/#primaryimage\",\"url\":\"https:\\\/\\\/eltossalcartografies.com\\\/wp-content\\\/uploads\\\/2024\\\/08\\\/Portada.jpg\",\"contentUrl\":\"https:\\\/\\\/eltossalcartografies.com\\\/wp-content\\\/uploads\\\/2024\\\/08\\\/Portada.jpg\",\"width\":1353,\"height\":2466},{\"@type\":\"BreadcrumbList\",\"@id\":\"https:\\\/\\\/eltossalcartografies.com\\\/es\\\/producto\\\/mapa-del-termino-municipal-de-vall-de-almonacid\\\/#breadcrumb\",\"itemListElement\":[{\"@type\":\"ListItem\",\"position\":1,\"name\":\"Portada\",\"item\":\"https:\\\/\\\/eltossalcartografies.com\\\/es\\\/\"},{\"@type\":\"ListItem\",\"position\":2,\"name\":\"Productos\",\"item\":\"https:\\\/\\\/eltossalcartografies.com\\\/es\\\/shop\\\/\"},{\"@type\":\"ListItem\",\"position\":3,\"name\":\"Mapa del t\u00e9rmino municipal de Vall de Almonacid\"}]},{\"@type\":\"WebSite\",\"@id\":\"https:\\\/\\\/eltossalcartografies.com\\\/es\\\/#website\",\"url\":\"https:\\\/\\\/eltossalcartografies.com\\\/es\\\/\",\"name\":\"El Tossal Cartografies\",\"description\":\"cartografia, venda de mapes\",\"publisher\":{\"@id\":\"https:\\\/\\\/eltossalcartografies.com\\\/es\\\/#organization\"},\"potentialAction\":[{\"@type\":\"SearchAction\",\"target\":{\"@type\":\"EntryPoint\",\"urlTemplate\":\"https:\\\/\\\/eltossalcartografies.com\\\/es\\\/?s={search_term_string}\"},\"query-input\":{\"@type\":\"PropertyValueSpecification\",\"valueRequired\":true,\"valueName\":\"search_term_string\"}}],\"inLanguage\":\"es\"},{\"@type\":\"Organization\",\"@id\":\"https:\\\/\\\/eltossalcartografies.com\\\/es\\\/#organization\",\"name\":\"El Tossal Cartografies\",\"url\":\"https:\\\/\\\/eltossalcartografies.com\\\/es\\\/\",\"logo\":{\"@type\":\"ImageObject\",\"inLanguage\":\"es\",\"@id\":\"https:\\\/\\\/eltossalcartografies.com\\\/es\\\/#\\\/schema\\\/logo\\\/image\\\/\",\"url\":\"https:\\\/\\\/eltossalcartografies.com\\\/wp-content\\\/uploads\\\/2020\\\/05\\\/logo-tossal-sitcky-verdet.png\",\"contentUrl\":\"https:\\\/\\\/eltossalcartografies.com\\\/wp-content\\\/uploads\\\/2020\\\/05\\\/logo-tossal-sitcky-verdet.png\",\"width\":155,\"height\":120,\"caption\":\"El Tossal Cartografies\"},\"image\":{\"@id\":\"https:\\\/\\\/eltossalcartografies.com\\\/es\\\/#\\\/schema\\\/logo\\\/image\\\/\"},\"sameAs\":[\"https:\\\/\\\/www.facebook.com\\\/ElTossalCartografies\\\/\",\"https:\\\/\\\/instagram.com\\\/eltossalcartografies\\\/\"]}]}<\/script>\n<!-- \/ Yoast SEO Premium plugin. -->","yoast_head_json":{"title":"Mapa del t\u00e9rmino municipal de Vall de Almonacid - El Tossal Cartografies","description":"Mapa y gu\u00eda excursionista de Vall de Almonacid. Sierra de Espad\u00e1n. Alto Palancia, El Tossal Cartografies. Escala 1:15000. Publicaci\u00f3 2024-07-01","robots":{"index":"index","follow":"follow","max-snippet":"max-snippet:-1","max-image-preview":"max-image-preview:large","max-video-preview":"max-video-preview:-1"},"canonical":"https:\/\/eltossalcartografies.com\/es\/producto\/mapa-del-termino-municipal-de-vall-de-almonacid\/","og_locale":"es_ES","og_type":"article","og_title":"Mapa del t\u00e9rmino municipal de Vall de Almonacid","og_description":"Mapa y gu\u00eda excursionista de Vall de Almonacid. Sierra de Espad\u00e1n. Alto Palancia, El Tossal Cartografies. Escala 1:15000. Publicaci\u00f3 2024-07-01","og_url":"https:\/\/eltossalcartografies.com\/es\/producto\/mapa-del-termino-municipal-de-vall-de-almonacid\/","og_site_name":"El Tossal Cartografies","article_publisher":"https:\/\/www.facebook.com\/ElTossalCartografies\/","article_modified_time":"2025-07-29T18:58:49+00:00","og_image":[{"width":1353,"height":2466,"url":"https:\/\/eltossalcartografies.com\/wp-content\/uploads\/2024\/08\/Portada.jpg","type":"image\/jpeg"}],"twitter_card":"summary_large_image","twitter_misc":{"Tiempo de lectura":"2 minutos"},"schema":{"@context":"https:\/\/schema.org","@graph":[{"@type":"WebPage","@id":"https:\/\/eltossalcartografies.com\/es\/producto\/mapa-del-termino-municipal-de-vall-de-almonacid\/","url":"https:\/\/eltossalcartografies.com\/es\/producto\/mapa-del-termino-municipal-de-vall-de-almonacid\/","name":"Mapa del t\u00e9rmino municipal de Vall de Almonacid - El Tossal Cartografies","isPartOf":{"@id":"https:\/\/eltossalcartografies.com\/es\/#website"},"primaryImageOfPage":{"@id":"https:\/\/eltossalcartografies.com\/es\/producto\/mapa-del-termino-municipal-de-vall-de-almonacid\/#primaryimage"},"image":{"@id":"https:\/\/eltossalcartografies.com\/es\/producto\/mapa-del-termino-municipal-de-vall-de-almonacid\/#primaryimage"},"thumbnailUrl":"https:\/\/eltossalcartografies.com\/wp-content\/uploads\/2024\/08\/Portada.jpg","datePublished":"2024-08-30T15:28:46+00:00","dateModified":"2025-07-29T18:58:49+00:00","description":"Mapa y gu\u00eda excursionista de Vall de Almonacid. Sierra de Espad\u00e1n. Alto Palancia, El Tossal Cartografies. Escala 1:15000. Publicaci\u00f3 2024-07-01","breadcrumb":{"@id":"https:\/\/eltossalcartografies.com\/es\/producto\/mapa-del-termino-municipal-de-vall-de-almonacid\/#breadcrumb"},"inLanguage":"es","potentialAction":[{"@type":"ReadAction","target":["https:\/\/eltossalcartografies.com\/es\/producto\/mapa-del-termino-municipal-de-vall-de-almonacid\/"]}]},{"@type":"ImageObject","inLanguage":"es","@id":"https:\/\/eltossalcartografies.com\/es\/producto\/mapa-del-termino-municipal-de-vall-de-almonacid\/#primaryimage","url":"https:\/\/eltossalcartografies.com\/wp-content\/uploads\/2024\/08\/Portada.jpg","contentUrl":"https:\/\/eltossalcartografies.com\/wp-content\/uploads\/2024\/08\/Portada.jpg","width":1353,"height":2466},{"@type":"BreadcrumbList","@id":"https:\/\/eltossalcartografies.com\/es\/producto\/mapa-del-termino-municipal-de-vall-de-almonacid\/#breadcrumb","itemListElement":[{"@type":"ListItem","position":1,"name":"Portada","item":"https:\/\/eltossalcartografies.com\/es\/"},{"@type":"ListItem","position":2,"name":"Productos","item":"https:\/\/eltossalcartografies.com\/es\/shop\/"},{"@type":"ListItem","position":3,"name":"Mapa del t\u00e9rmino municipal de Vall de Almonacid"}]},{"@type":"WebSite","@id":"https:\/\/eltossalcartografies.com\/es\/#website","url":"https:\/\/eltossalcartografies.com\/es\/","name":"El Tossal Cartografies","description":"cartografia, venda de mapes","publisher":{"@id":"https:\/\/eltossalcartografies.com\/es\/#organization"},"potentialAction":[{"@type":"SearchAction","target":{"@type":"EntryPoint","urlTemplate":"https:\/\/eltossalcartografies.com\/es\/?s={search_term_string}"},"query-input":{"@type":"PropertyValueSpecification","valueRequired":true,"valueName":"search_term_string"}}],"inLanguage":"es"},{"@type":"Organization","@id":"https:\/\/eltossalcartografies.com\/es\/#organization","name":"El Tossal Cartografies","url":"https:\/\/eltossalcartografies.com\/es\/","logo":{"@type":"ImageObject","inLanguage":"es","@id":"https:\/\/eltossalcartografies.com\/es\/#\/schema\/logo\/image\/","url":"https:\/\/eltossalcartografies.com\/wp-content\/uploads\/2020\/05\/logo-tossal-sitcky-verdet.png","contentUrl":"https:\/\/eltossalcartografies.com\/wp-content\/uploads\/2020\/05\/logo-tossal-sitcky-verdet.png","width":155,"height":120,"caption":"El Tossal Cartografies"},"image":{"@id":"https:\/\/eltossalcartografies.com\/es\/#\/schema\/logo\/image\/"},"sameAs":["https:\/\/www.facebook.com\/ElTossalCartografies\/","https:\/\/instagram.com\/eltossalcartografies\/"]}]}},"_links":{"self":[{"href":"https:\/\/eltossalcartografies.com\/es\/wp-json\/wp\/v2\/product\/26132","targetHints":{"allow":["GET"]}}],"collection":[{"href":"https:\/\/eltossalcartografies.com\/es\/wp-json\/wp\/v2\/product"}],"about":[{"href":"https:\/\/eltossalcartografies.com\/es\/wp-json\/wp\/v2\/types\/product"}],"wp:featuredmedia":[{"embeddable":true,"href":"https:\/\/eltossalcartografies.com\/es\/wp-json\/wp\/v2\/media\/26128"}],"wp:attachment":[{"href":"https:\/\/eltossalcartografies.com\/es\/wp-json\/wp\/v2\/media?parent=26132"}],"wp:term":[{"taxonomy":"product_brand","embeddable":true,"href":"https:\/\/eltossalcartografies.com\/es\/wp-json\/wp\/v2\/product_brand?post=26132"},{"taxonomy":"product_cat","embeddable":true,"href":"https:\/\/eltossalcartografies.com\/es\/wp-json\/wp\/v2\/product_cat?post=26132"},{"taxonomy":"product_tag","embeddable":true,"href":"https:\/\/eltossalcartografies.com\/es\/wp-json\/wp\/v2\/product_tag?post=26132"}],"curies":[{"name":"wp","href":"https:\/\/api.w.org\/{rel}","templated":true}]}}

Mapa del término municipal de Vall de Almonacid

<p class="western" align="left"><span lang="es-ES">Mapa del término municipal de la Vall de Almonacid, situado en el corazón de la Sierra de Espadán con un patrimonio natural que bebe de una geología singular donde la mezcla del rodeno y la caliza, con alcornoques y pinares, y el río Chico que vertebra su término, ofrecen una serie de paisajes y colores sorprendentes.</span></p>
<p class="western" align="left"><span lang="es-ES">En medio de las tierras de encrucijada y de herencia y fuerte impronta de las diversas culturas que lo habitaron, como íberos, romanos, andalusíes, repobladores aragoneses y moriscos, descubrimos un territorio con un rico patrimonio humano y cultural, de calles estrechas, zonas de huertas y complejos sistemas de regadío, de construcciones de piedra seca y abancalamientos imposibles o de la línea XYZ de defensa de Valencia en la pasada guerra civil. Todo él nombrado con una lengua propia, el churro del Alto Palancia.<br />
</span></p>
<p class="western" align="left">Varias rutas nos guiarán en el descubrimiento de este territorio imprescindible.</p>

<p>Vall de Almonacid[br]<br />
Mapa de término municipal[br]<br />
fecha de publicación: 2024-07-01[br]<br />
Escala: 1:15.000[br/]<br />
DISPONIBLE</p>

<!-- This site is optimized with the Yoast SEO Premium plugin v27.4 (Yoast SEO v27.5) - https://yoast.com/product/yoast-seo-premium-wordpress/ -->
<title>Mapa del término municipal de Vall de Almonacid - El Tossal Cartografies</title>
<meta name="description" content="Mapa y guía excursionista de Vall de Almonacid. Sierra de Espadán. Alto Palancia, El Tossal Cartografies. Escala 1:15000. Publicació 2024-07-01" />
<meta name="robots" content="index, follow, max-snippet:-1, max-image-preview:large, max-video-preview:-1" />
<link rel="canonical" href="https://eltossalcartografies.com/es/producto/mapa-del-termino-municipal-de-vall-de-almonacid/" />
<meta property="og:locale" content="es_ES" />
<meta property="og:type" content="article" />
<meta property="og:title" content="Mapa del término municipal de Vall de Almonacid" />
<meta property="og:description" content="Mapa y guía excursionista de Vall de Almonacid. Sierra de Espadán. Alto Palancia, El Tossal Cartografies. Escala 1:15000. Publicació 2024-07-01" />
<meta property="og:url" content="https://eltossalcartografies.com/es/producto/mapa-del-termino-municipal-de-vall-de-almonacid/" />
<meta property="og:site_name" content="El Tossal Cartografies" />
<meta property="article:publisher" content="https://www.facebook.com/ElTossalCartografies/" />
<meta property="article:modified_time" content="2025-07-29T18:58:49+00:00" />
<meta property="og:image" content="https://eltossalcartografies.com/wp-content/uploads/2024/08/Portada.jpg" />
	<meta property="og:image:width" content="1353" />
	<meta property="og:image:height" content="2466" />
	<meta property="og:image:type" content="image/jpeg" />
<meta name="twitter:card" content="summary_large_image" />
<meta name="twitter:label1" content="Tiempo de lectura" />
	<meta name="twitter:data1" content="2 minutos" />
<script type="application/ld+json" class="yoast-schema-graph">{"@context":"https:\/\/schema.org","@graph":[{"@type":"WebPage","@id":"https:\/\/eltossalcartografies.com\/es\/producto\/mapa-del-termino-municipal-de-vall-de-almonacid\/","url":"https:\/\/eltossalcartografies.com\/es\/producto\/mapa-del-termino-municipal-de-vall-de-almonacid\/","name":"Mapa del término municipal de Vall de Almonacid - El Tossal Cartografies","isPartOf":{"@id":"https:\/\/eltossalcartografies.com\/es\/#website"},"primaryImageOfPage":{"@id":"https:\/\/eltossalcartografies.com\/es\/producto\/mapa-del-termino-municipal-de-vall-de-almonacid\/#primaryimage"},"image":{"@id":"https:\/\/eltossalcartografies.com\/es\/producto\/mapa-del-termino-municipal-de-vall-de-almonacid\/#primaryimage"},"thumbnailUrl":"https:\/\/eltossalcartografies.com\/wp-content\/uploads\/2024\/08\/Portada.jpg","datePublished":"2024-08-30T15:28:46+00:00","dateModified":"2025-07-29T18:58:49+00:00","description":"Mapa y guía excursionista de Vall de Almonacid. Sierra de Espadán. Alto Palancia, El Tossal Cartografies. Escala 1:15000. Publicació 2024-07-01","breadcrumb":{"@id":"https:\/\/eltossalcartografies.com\/es\/producto\/mapa-del-termino-municipal-de-vall-de-almonacid\/#breadcrumb"},"inLanguage":"es","potentialAction":[{"@type":"ReadAction","target":["https:\/\/eltossalcartografies.com\/es\/producto\/mapa-del-termino-municipal-de-vall-de-almonacid\/"]}]},{"@type":"ImageObject","inLanguage":"es","@id":"https:\/\/eltossalcartografies.com\/es\/producto\/mapa-del-termino-municipal-de-vall-de-almonacid\/#primaryimage","url":"https:\/\/eltossalcartografies.com\/wp-content\/uploads\/2024\/08\/Portada.jpg","contentUrl":"https:\/\/eltossalcartografies.com\/wp-content\/uploads\/2024\/08\/Portada.jpg","width":1353,"height":2466},{"@type":"BreadcrumbList","@id":"https:\/\/eltossalcartografies.com\/es\/producto\/mapa-del-termino-municipal-de-vall-de-almonacid\/#breadcrumb","itemListElement":[{"@type":"ListItem","position":1,"name":"Portada","item":"https:\/\/eltossalcartografies.com\/es\/"},{"@type":"ListItem","position":2,"name":"Productos","item":"https:\/\/eltossalcartografies.com\/es\/shop\/"},{"@type":"ListItem","position":3,"name":"Mapa del término municipal de Vall de Almonacid"}]},{"@type":"WebSite","@id":"https:\/\/eltossalcartografies.com\/es\/#website","url":"https:\/\/eltossalcartografies.com\/es\/","name":"El Tossal Cartografies","description":"cartografia, venda de mapes","publisher":{"@id":"https:\/\/eltossalcartografies.com\/es\/#organization"},"potentialAction":[{"@type":"SearchAction","target":{"@type":"EntryPoint","urlTemplate":"https:\/\/eltossalcartografies.com\/es\/?s={search_term_string}"},"query-input":{"@type":"PropertyValueSpecification","valueRequired":true,"valueName":"search_term_string"}}],"inLanguage":"es"},{"@type":"Organization","@id":"https:\/\/eltossalcartografies.com\/es\/#organization","name":"El Tossal Cartografies","url":"https:\/\/eltossalcartografies.com\/es\/","logo":{"@type":"ImageObject","inLanguage":"es","@id":"https:\/\/eltossalcartografies.com\/es\/#\/schema\/logo\/image\/","url":"https:\/\/eltossalcartografies.com\/wp-content\/uploads\/2020\/05\/logo-tossal-sitcky-verdet.png","contentUrl":"https:\/\/eltossalcartografies.com\/wp-content\/uploads\/2020\/05\/logo-tossal-sitcky-verdet.png","width":155,"height":120,"caption":"El Tossal Cartografies"},"image":{"@id":"https:\/\/eltossalcartografies.com\/es\/#\/schema\/logo\/image\/"},"sameAs":["https:\/\/www.facebook.com\/ElTossalCartografies\/","https:\/\/instagram.com\/eltossalcartografies\/"]}]}</script>
<!-- / Yoast SEO Premium plugin. -->

Mapa del término municipal de Vall de Almonacid - El Tossal Cartografies

Mapa y guía excursionista de Vall de Almonacid. Sierra de Espadán. Alto Palancia, El Tossal Cartografies. Escala 1:15000. Publicació 2024-07-01
